What is the tens digit of u?
1
Let s(j) = -4*j + 19 + 5 - 13*j - 25. Let v be (0 - -8)*(-1)/2. What is the units digit of s(v)?
7
Suppose -3*s + 4*o + 51 = 0, -86 + 24 = -5*s - o. Suppose -223 = 12*k - s*k. What is the hundreds digit of k?
2
What is the hundreds digit of ((-376)/4)/((-3)/(-6) - 1)?
1
Let r(d) = d**3 - 5*d**2 - 5*d. Let f(q) = -4*q - 22. Let x be f(-7). What is the units digit of r(x)?
6
Suppose -5786 = 123*q - 125*q. What is the hundreds digit of q?
8
What is the hundreds digit of (-122)/(-1769) + 5508/29?
1
Let y(p) = -3*p - 2*p - p**3 + 2*p**3. Let u be y(4). Let c = u - 24. What is the units digit of c?
0
Let s = 925 - 378. What is the units digit of s?
7
Let d = 105 - -64. Suppose -236*r = -235*r - d. What is the hundreds digit of r?
1
What is the tens digit of (5/2)/((-2)/4) - -1918?
1
Suppose -4*b = -g - 0*g - 184, 5*g = 4*b - 200. Let l = 83 + b. Suppose -i = 4*i + 2*m - l, 3*i - 73 = -5*m. What is the units digit of i?
6
Let d(n) = -11*n**3 + n**2 + 3*n + 1. Let h be d(-1). What is the tens digit of (262/h)/((-1)/(-5))?
3
Suppose -y = -2*i + 806, 176 = 2*i + 5*y - 654. What is the hundreds digit of i?
4
Suppose 6*v + 0*v = -1386. Let s = -128 - v. What is the hundreds digit of s?
1
Let z(p) = -5*p - 7. Let a(v) = 14*v + 22. Let n(d) = 6*a(d) + 17*z(d). What is the units digit of n(0)?
3
Let d(a) = 85*a**2 - 5*a + 3. What is the hundreds digit of d(4)?
3
Suppose -5 = -q - q + 3*z, -3*z + 7 = q. Let b = 22 + q. Suppose 4*s = -3*c + b, -c = -4*s + 2*s + 8. What is the units digit of c?
2
Suppose 4*b + 6 + 2 = 3*h, 2*b + 4 = -5*h. Suppose 2*c + h*r - r = 355, r + 530 = 3*c. What is the tens digit of c?
7
Suppose 0 = -37*o + 32*o + 305. Let u = o + 124. What is the hundreds digit of u?
1
Let n be (0 + 0)/1*(0 - 1). Suppose n*i = -5*i + 190. What is the tens digit of i?
3
Let i = 248 + -25. What is the tens digit of i?
2
Let a be ((-8)/(-6))/((-4)/12). Let v(t) = t**2 + 2*t - 5. Let z be v(a). What is the units digit of 3/(3 - 8/z)?
9
Suppose 14*c = -2*c. Suppose 5*u - 13*u + 456 = c. What is the units digit of u?
7
Suppose 5*r - 154 = 3*r - 4*y, 5*y + 308 = 4*r. What is the tens digit of r?
7
Let x = 2942 + -2112. What is the tens digit of x?
3
Let f(k) = k**2 - 7*k + 5. Let v be f(7). Let s(z) = 2*z**2. Let q be s(1). Let o = q + v. What is the units digit of o?
7
Let c = 19 + -152. Suppose 11*h + 921 = -80. Let m = h - c. What is the tens digit of m?
4
Let c(x) = 0*x - 4 + 3*x - 1 + x**2. Let v be c(4). Suppose 0 = -2*r + r + v. What is the units digit of r?
3
Suppose 16048 = -28*u + 44804. What is the units digit of u?
7
Let j = 100 + 318. What is the tens digit of j?
1
Let s be 3 - (3 - 2 - -2). Let f be (-4)/10*(-55 - s). Suppose -m + f - 6 = 0. What is the units digit of m?
6
Let q = 2190 - 1278. What is the units digit of q?
2
Suppose 4*b = 874 + 942. What is the tens digit of b?
5
Let i = -38 - -46. Suppose i*j - 819 = -j. What is the units digit of j?
1
Suppose 30*q - 34*q - 440 = 0. Let p = q - -204. What is the tens digit of p?
9
Let h be 2/(-3)*(-732)/8. Suppose 5*o - h = 2*m, 4*m + 46 = 3*o - 55. Let w = -14 - m. What is the units digit of w?
9
Let k = -24 + 10. Let m = 28 + k. What is the units digit of m?
4
Suppose 3*n - 4*n - 9 = 0. Let u = -2 - n. Suppose -v + u = -0*r - 2*r, r = -v + 1. What is the units digit of v?
3
Let u(z) = 2*z**3 - 4*z**2 + z + 2. Let v be u(2). Suppose -v*j + 78 = -j. Suppose -p = -9 - j. What is the units digit of p?
5
Let n(l) = -11*l**2 + 3*l + 4. Let u be n(-6). Let h = u + 663. What is the hundreds digit of h?
2
Suppose 3*a = -4*g + 589, -10 = 4*g + g. Suppose 0*c + 2*c = o - a, 5*c + 5 = 0. What is the units digit of o?
7
Let b be 1/3 + (-15)/(-9). Suppose 19 = 2*p - 3*s, -4*p + 1 + 34 = -5*s. Suppose -p*c + 138 = -b*c. What is the units digit of c?
6
Let h(t) = 2*t**2 + 2*t**2 + 9 + 7*t - 4 - t**2. Let q be h(-4). Let j = -11 + q. What is the units digit of j?
4
Suppose 5*w - 4 = 2*u + 3*w, -3*u - 4*w = 27. Suppose -12 = -5*n + 33. Let d = n + u. What is the units digit of d?
4
Let l(f) = f**3 + 6*f**2 - 16*f. Let s be l(-6). Let r = s - -175. What is the hundreds digit of r?
2
Suppose 0 = 3*j - 7*j - 72. Let w = 25 - -18. Let p = j + w. What is the units digit of p?
5
Let b(t) = t. Let l(q) = 2*q**2 + 2*q - 2. Let u(p) = 4*b(p) + l(p). Let a be u(-5). What is the units digit of (-2 - 1)*(-30)/a?
5
Suppose -24*a + 4676 = -17*a. What is the units digit of a?
8
Let q be 1/(-1) - (-1)/1. Suppose -4*b + q*b + 368 = 0. Suppose -6*m - 4*r + b = -3*m, -m - 4*r + 28 = 0. What is the units digit of m?
2
Suppose -25*f + 8 = -24*f. Let g = f - -21. What is the units digit of g?
9
Let k be (5/(-15))/(2/30). Let x(f) = f**3 + 7*f**2 - 2*f - 5. What is the units digit of x(k)?
5
Let j(m) = -1373*m - 52. What is the tens digit of j(-2)?
9
Let h be (-3 - -60)*1/(-3). Let l = h - -10. Let a = 13 + l. What is the units digit of a?
4
Let v(h) = -h**3 - 13*h**2 - 5*h - 5. Let j(d) = d**2 - d - 1. Let q(n) = 5*j(n) + v(n). What is the units digit of q(-7)?
1
Let q be (942 - 0)*(1 - 7/14). Suppose -8*r = -377 - q. What is the hundreds digit of r?
1
Let k = -171 + 264. What is the units digit of k?
3
Suppose 0 = -49*s + 54*s - 260. Suppose -4*q = -4*c - q + 560, -4*q + 140 = c. Suppose -2*z = -3*r + c, -s = -r - 0*r + 2*z. What is the tens digit of r?
4
Let s be (-1 + 6)*12/10. Suppose -2*v = -v - s. What is the tens digit of 70/v - 6/(-18)?
1
Suppose -4*m + 884 = -4*y - 296, -5*y = 4*m - 1216. What is the units digit of m?
9
Let n(m) be the first derivative of -m**4/4 - 11*m**3/3 - m**2 - 13*m + 2. Suppose 5*o + 29 = -4*x - 34, -4*o = -5*x + 34. What is the units digit of n(o)?
9
Let k = 4 - 0. Let z(v) = 1 + v**2 + 0 - 2 + v - k*v. What is the units digit of z(-4)?
7
Let z = 410 - -23. What is the units digit of z?
3
Let z(v) = -232*v - 270. What is the units digit of z(-13)?
6
Let n be (8/(-14))/((-5)/35). Suppose -n*k + 2 = -18. Suppose -y + 18 = -d, k*y - d - 50 = -4*d. What is the units digit of y?
3
Let p(z) = -16*z - 1. Let r be p(-1). Let i = r + -9. Suppose 2*m - i*m = -8. What is the units digit of m?
2
Let t = 21 - 31. Let c be (-6)/(-5)*t/(-3). Suppose p + 0*p = 4, -56 = -c*k - p. What is the tens digit of k?
1
Suppose -9*r + 34*r - 20050 = 0. What is the hundreds digit of r?
8
Let d be ((-224)/(-12))/(1/(-6)). Let i = d - -302. What is the tens digit of i?
9
Let z = -14 - -19. Suppose -2*y + d + 8 = y, 0 = 2*y - d - z. Suppose 0 = -2*q + y*l + 2*l + 58, -q - l + 36 = 0. What is the tens digit of q?
3
Suppose 0 = -3*x + 5*x - 40. Let k be (-24)/x*10/4. Let y(b) = b**2 + 1. What is the units digit of y(k)?
0
Let z(d) be the third derivative of d**7/840 - d**6/60 + d**5/20 - 4*d**3/3 + 6*d**2. Let b(k) be the first derivative of z(k). What is the tens digit of b(6)?
3
Let f = 12 + -37. What is the tens digit of (-1 - f) + (1 + -7)/2?
2
Let m = -1050 - -1932. What is the tens digit of m?
8
Let w(b) = b + 9. Let g be w(0). Suppose 12*i - 357 = g*i. What is the hundreds digit of i?
1
Let z(q) = -4*q + 387. What is the hundreds digit of z(17)?
3
Let n be 1 + -1 - 22/(-1). Suppose 4*y + 2*c = -24 + 64, 3*c = -y + 15. Let p = n - y. What is the tens digit of p?
1
Let k = -181 + 127. Let x = -3 - k. What is the units digit of x?
1
Let d = -4 + 6. Suppose 0 = 3*n - 6, -5*n - 22 = -p + 9. Suppose -d*q - 5*r = -p, -4*r + 94 = 4*q + q. What is the units digit of q?
8
Suppose -609 + 1629 = 5*b. Suppose -b*j = -207*j + 1077. What is the hundreds digit of j?
3
Let p(j) be the second derivative of 11*j**3/6 - 13*j**2/2 - 19*j. What is the hundreds digit of p(12)?
1
Let z = 12 + -14. Suppose 0 = 5*d + 4 - 34. What is the units digit of ((-16)/d)/(z/15)?
0
Let n(v) = -38*v - 2. Suppose -2*p + 3*c - c - 2 = 0, c = -3*p - 11. What is the units digit of n(p)?
2
Let s = -10 + 10. Suppose s = -14*f + 7*f + 308. What is the units digit of f?
4
Let q be (-128)/(-7) - 20/70. Let p = q - -50. What is the tens digit of p?
6
Let w(q) = 15*q + 15. What is the hundreds digit of w(7)?
1
Let j = 2858 + -2103. What is the tens digit of j?
5
Let n = -1180 - -3712. What is the tens digit of n?
3
Suppose -5*x = -3*p + 12 + 15, -4*p = -3*x - 47. Let m be (-4 - 36/(-8))*p. What is the tens digit of m*1 - (7 + -11)?
1
Wh